 29. Suppose -2*t + 38 + 0 = 3*m, 0 = -5*m - 5*t + 70. Calculate the highest common divisor of w and m.
10
Suppose 138 = d + 5*d. Let n be 1/(5/(-20)) + d. Calculate the greatest common factor of n and 152.
19
Let m = 69 - 52. Suppose m*o = 19*o - 10. Calculate the highest common divisor of 25 and o.
5
Suppose -3*q + 15 = 0, q = r - 2 - 7. Let g = -3 - -3. Suppose g = -p, -4*p + 140 = 4*b - p. Calculate the greatest common divisor of r and b.
7
Let f(r) = 9*r**2 - r + 2. Suppose n = 2*n - 2. Let z be f(n). Let l = z - 25. What is the greatest common factor of l and 22?
11
Let s(h) = 4*h + 1. Let i be s(11). Let z be 20*7/28 + 0/(-2). What is the greatest common factor of z and i?
5
Let i be ((-2)/3)/(22/(-43725)). What is the greatest common factor of 53 and i?
53
Let x be (1/(-3) - (-425)/(-30))*-2. Suppose 161 = 12*j + x. Calculate the highest common divisor of j and 143.
11
Let w(f) be the third derivative of f**5/15 - f**4/4 + 4*f**3/3 + 17*f**2. Let n be w(8). What is the greatest common divisor of 27 and n?
27
Let d be 2 + (4 - 2) + 1. Suppose d*v = -0*v. Suppose -5*l = -v*l - 180. Calculate the greatest common divisor of l and 12.
12
Let d(p) = 3*p**3 - 7*p**2 - 10*p + 5. Let a(s) = -s**3 + s**2 + 1. Let o(h) = -2*a(h) - d(h). Let z be o(6). What is the highest common divisor of z and 17?
17
Let o be 0 - 1/(-2) - 156333/(-246). Calculate the greatest common divisor of o and 53.
53
Let b = 74 - 35. Let c(a) = -a + 14. Let x be c(11). Calculate the greatest common factor of b and x.
3
Let q(f) = -552*f - 183. Let l be q(-1). What is the highest common factor of 328 and l?
41
Suppose -4*a - 931 = -4*f - 3*a, 3*f + a = 707. Suppose -2*x = -4*n - 48, 27*x = 32*x + 4*n - 78. What is the greatest common divisor of x and f?
18
Let i be (-9 + -19)/(7/(-70)). What is the greatest common factor of 56 and i?
56
Suppose -2*v = -6, -3*v + 48 = -4*s - 45. Let c(t) = -2*t - 25. Let i be c(s). What is the greatest common factor of i and 102?
17
Suppose -4*f = -4*w - 20, 3*w - 1 = -f - 0. Suppose f*i + i - 20 = 0. Let a be i - (-12 - (2 - 6)). What is the greatest common factor of 6 and a?
6
Suppose -z - 9 = -6*z - 3*a, z = -4*a + 12. Suppose -2*u + 6 = -z, -14 = -l - 2*u. What is the greatest common divisor of l and 1?
1
Suppose 3*f - 4*k + 7 = 11, -3*k = -f - 2. Calculate the greatest common factor of 22 and f.
2
Let h(a) = a**2 + 12*a + 67. Let q be h(-11). What is the greatest common factor of q and 16?
8
Let k be 3 + (1*-2)/(-2). Let s be (7 - 4)*5/3. Suppose 2*x = 3*w + 9, s*w - 11 = x - 2*x. What is the greatest common factor of k and x?
2
Let j(y) = -y**3 - 20*y**2 - 2*y - 7. Let s be j(-20). What is the highest common divisor of 264 and s?
33
Suppose 13*r = -239 + 57. Let f be 13 + 1 - (r + 16). What is the highest common factor of 12 and f?
12
Let z(h) = -4*h + 31. Let f be z(-6). Let k be (11/2)/(3/6). Calculate the greatest common factor of f and k.
11
Let o be 15/(-35) + (-104)/(-14). Suppose 2*q = 3*q + 5*a - 12, 0 = 4*q - 4*a - 120. Suppose -5*l + q = 22. What is the greatest common factor of o and l?
1
Let d = -445 - -515. What is the highest common divisor of 35 and d?
35
Suppose 0 = -5*t + 2*m + 77, -t - 2*t + 43 = 2*m. Let n = t + -15. Suppose 6*u - 2*u - 16 = n. What is the highest common divisor of 16 and u?
4
Let x(p) = 16*p + 85. Let k be x(2). Calculate the highest common factor of k and 195.
39
Let z = -5 + -1. Let j(c) = -2*c + 6. Let u be j(z). Let q(h) = -h**3 - 5*h**2 - 4*h + 7. Let g be q(-5). What is the highest common factor of u and g?
9
Let s be (58/8 - 1)*(5 + -1). Calculate the highest common divisor of s and 125.
25
Let j be 9/6*32/12. Suppose -j*v + 5*r + 22 = -3, 3*v + 3*r - 39 = 0. Calculate the highest common divisor of 2 and v.
2
Let y = 55 + -50. Suppose 0*p - 3*p + 296 = -2*u, -190 = -2*p + y*u. Calculate the highest common factor of 40 and p.
20
Let d be (0*(-1)/(-5))/(-2). Suppose d*n = 5*n - 35. Suppose 36 = 10*q - n*q. What is the highest common divisor of q and 6?
6
Let h be (-2)/(4/72*(-3 - 1)). Suppose -1310 = -h*m - 338. What is the greatest common divisor of m and 12?
12
Suppose -763*c = -743*c - 7140. What is the greatest common divisor of c and 102?
51
Let x be 1 - (0 + 1)*-71. Let f be ((-10)/6)/(6/x). Let c = f + 21. Calculate the highest common factor of 8 and c.
1
Suppose 4*s - 2*s - 49 = -5*u, 5*u = s - 2. Let q = s - 13. Suppose i = 5*z + 6 + 26, -2*i + q*z + 40 = 0. What is the highest common factor of i and 30?
6
Suppose d = 4*b - 0*d - 12, 0 = -4*d. Suppose -98 = -b*k + k. Suppose 0 = -i + k + 17. What is the highest common divisor of 165 and i?
33
Suppose 4*p - 73 + 25 = 0. What is the greatest common factor of p and 228?
12
Let a(l) = -l**2 + 29*l - 54. Let c be a(23). What is the highest common divisor of c and 132?
12
Let j = 30 - 20. Suppose -4*c + 2*t = -6*c + 26, -2*t = j. What is the greatest common factor of 144 and c?
18
Let u(w) = 9*w**2 + 2*w + 5. Let v be u(-2). Calculate the greatest common factor of v and 111.
37
Let y(c) = -25*c**3 + 2*c**2 + 3*c + 10. Let d be y(10). Let g be 4/(-22) - d/55. Suppose -4*l = l - g. Calculate the highest common divisor of l and 10.
10
Let p be (-298)/(-5) + (-2)/(-5). Suppose -125 = -8*c + 3*c. Let m = -13 + c. Calculate the greatest common divisor of p and m.
12
Let m be (-8 + 1)*4 + 2. Let d(s) = -s**2 - 15*s - 64. Let g be d(-5). Let l = g - m. Calculate the greatest common divisor of l and 4.
4
Let c = 394 - 374. What is the greatest common divisor of 12 and c?
4
Let c(a) = -3*a - 3. Let w be c(-7). Let n = w - 24. Let t(b) = -18*b + 24. Let f be t(n). Calculate the greatest common divisor of 12 and f.
12
Suppose 4*m = 9*m - 10. Let j be 6/(7/(-2) + m). Let w be 6*1*(7 - j). What is the highest common factor of 6 and w?
6
Let r(y) = -y**2 + 2*y - 447. Let k be r(0). Let v be k/(-12) + 6/8. Calculate the greatest common factor of v and 19.
19
Let p(x) = 6*x**2 + 34*x + 13. Let s be p(-6). Calculate the highest common divisor of 425 and s.
25
Let w(v) = 2*v**3 + 3*v**2 + v - 3. Let d be w(-2). Let u(x) = 2*x**2 - 6*x + 8. Let h be u(d). What is the greatest common factor of h and 32?
32
Suppose -12*c + 14*c = 198. Let i(d) = -3*d - 12. Let g be i(-5). Let t be 1 + 7 + g/1. What is the highest common divisor of t and c?
11
Suppose 0 = -41*g - 4669 + 7573 + 6280. Suppose t = 10 + 4. What is the greatest common divisor of g and t?
14
Suppose 2*h - 81 = 95. Let g(v) = v**2 - 13*v + 23. Let j be g(12). What is the greatest common divisor of j and h?
11
Suppose -8*z - 37 = -53. Suppose -z*x + 4 = -6*x + 4*b, -3*b + 5 = -x. What is the highest common factor of 13 and x?
1
Let m be 0*((-3)/6 - -1). Suppose m = -5*u + 3 - 13. Let f be u + 1 + 5/1. What is the highest common factor of f and 6?
2
Let q = 2374 - 1594. What is the highest common divisor of q and 60?
60
Let j(n) be the second derivative of 1/3*n**3 + 0 - 1/3*n**4 - 5/2*n**2 + 1/20*n**5 - 5*n. Let p be j(5). Calculate the greatest common divisor of 10 and p.
10
Suppose -17*o + 67 = -18. Calculate the greatest common divisor of o and 155.
5
Let g be 973/49 - 8/(-7). Calculate the highest common factor of g and 553.
7
Let k = 253 + -252. Calculate the greatest common divisor of k and 32.
1
Suppose -15 = -7*o + 62. Calculate the greatest common divisor of o and 121.
11
Suppose 8*u + 228 = 11*u. Suppose 0 = t - 99 - u. Calculate the highest common factor of t and 35.
35
Let q(f) = -1 + 0 - 1 + 4 + f. Let s be q(8). Suppose 240 = s*u - 7*u. What is the highest common divisor of 10 and u?
10
Suppose 2 = 2*z - 2. Suppose 0*r + 5*r - 5*q - 30 = 0, 0 = q + 2. Suppose 4*m = -r + 36. Calculate the highest common factor of m and z.
2
Let u be 17/(-51) - (-293)/(-3). Let f = -69 - u. Calculate the greatest common divisor of 145 and f.
29
Let r be 4 + -1 - 2*-1. Suppose 0 = r*k - 87 - 48. What is the greatest common divisor of k and 18?
9
Let w be (-1 - 1)/(2/(-131) + 0). Suppose 0 = 5*l + 4*a - w, -2*l + 2*a = 20 - 76. What is the highest common factor of 54 and l?
27
Let a be ((-8)/6 + -4)/((-1)/3). Let n be (1/(a/(-68)))/((-2)/8). What is the highest common divisor of n and 85?
17
Let s be (26/39)/(3 - (-1562)/(-522)). What is the highest common divisor of 406 and s?
29
Let d be 0 - 9/(-3) - 19. 